ose -19*b + 1228 + 83 = 0. Calculate the highest common factor of 598 and b.
23
Suppose 133*f = -172*f - 494433 + 2325348. What is the highest common factor of f and 27?
9
Let y be -26*(-2)/4 + -2. Suppose -3*t = 2*i - 17*t + 134, 4 = -2*i + t. Calculate the greatest common factor of i and y.
1
Let n = 8048 + -7104. What is the greatest common factor of n and 3068?
236
Suppose 288 = 3*p - 4*a, -p + 75 = 4*a - 37. Let u = -168 + p. Let t be u/(-5) - 18/(-45). What is the greatest common divisor of t and 112?
14
Let c = 1479 - 1431. Calculate the highest common divisor of c and 1616.
16
Suppose -335 = -4*n + 97. Suppose 18*l - 12*l - n = 0. What is the greatest common divisor of l and 6?
6
Suppose -2*q = -0*q - 3*d + 2, 0 = 5*q - d - 8. Suppose -q*g - 6 = -3*g. Suppose 4*o - 13 - 11 = 0. Calculate the greatest common divisor of o and g.
6
Let p be (10/(-12))/((-6)/(-36)) - -79. What is the highest common factor of 13246 and p?
74
Suppose -4*n + 0*l + 95 = -l, -115 = -5*n + 2*l. Let g(z) = -n*z - 55*z + 56*z + 15. Let t be g(-14). Calculate the highest common divisor of t and 39.
39
Suppose -5*y = -3*u - y - 32, 0 = 3*u + 4*y + 40. Let a = u + 24. Let c = 4535 - 4517. What is the greatest common factor of a and c?
6
Suppose 3*b = 2*x - 414, -20*x = -16*x + 5*b - 850. What is the greatest common divisor of 570 and x?
30
Let f = 4510 + -4375. Calculate the highest common factor of f and 30.
15
Let w = -365 + 936. Let z = 979 - w. What is the highest common factor of 51 and z?
51
Let t(z) = -z**2 + 9*z + 57. Let o be t(-4). Suppose 0 = o*s + 4*m - 637, -7*m = -5*s - 5*m + 619. What is the highest common divisor of s and 25?
25
Suppose -m + r = -738, -4*m + 770 = 3*r - 2196. What is the greatest common divisor of m and 80?
20
Let f = -1068 - -1151. Let x be 16/(-24) - (-1000)/6. What is the highest common factor of x and f?
83
Let j = 11 + 32. Suppose -37*b = -40*b - 165. Let q = b - -141. Calculate the greatest common factor of j and q.
43
Let a be 1/(3/120*8*1). Suppose 2*h - 45 - 1 = 0. Let n = -19 + h. What is the highest common divisor of n and a?
1
Let g(v) = 78*v + 66. Let f be g(7). Calculate the greatest common divisor of f and 120.
12
Let z(n) = -17*n + 294. Let t be z(39). Let o = -82 - t. Calculate the highest common factor of o and 14.
7
Let g(q) = -47*q**3 - q**2 - 388*q - 389. Let n be g(-1). Suppose a - 3 = 12. What is the greatest common divisor of a and n?
15
Suppose 5*h + 1335 = 510. Let v = h + 173. What is the highest common factor of v and 88?
8
Let k = 40 - 22. Suppose 1118 = 13*b + 39. Let w = -65 + b. What is the greatest common divisor of w and k?
18
Suppose -258*v - 6208 = -33040. Calculate the highest common factor of 5356 and v.
52
Let f = -70 - -72. Let u(g) = 2 - g**2 - 2*g**3 + 8*g**2 + 5*g + f*g - 8. Let v be u(4). Calculate the greatest common divisor of v and 48.
6
Let b(g) = g**3 - 4*g**2 + 5*g. Let h be b(2). Suppose 0*v - h*v = 0. Let s be -1 + 5*(11 - 2 - v). What is the highest common factor of s and 22?
22
Let p(s) = 12*s**2 + 265*s + 52. Let j be p(-22). Calculate the highest common divisor of j and 9480.
30
Suppose 8 = 3*d - 1. Suppose -3*n - 2*g = -0*n - 115, 72 = 2*n - g. Let s = -10 + n. What is the greatest common divisor of s and d?
3
Let s = 1733 - 512. Let p = s - 1220. Suppose 0 + 1 = n. What is the greatest common factor of n and p?
1
Let o = 131 + -21. Calculate the greatest common factor of 979 and o.
11
Suppose 246 = -8*g + 270. Suppose -j + 48 = -3*t - 19, -g*t = -4*j + 241. Calculate the greatest common factor of 1450 and j.
58
Let o(k) = -3*k**3 - 9*k**2 - 15*k + 8. Suppose 38 - 3 = -5*m. Let z be o(m). Let s be 4/(16/z) - 1/4. What is the highest common factor of s and 25?
25
Suppose -21*r - 1291 = -1522. Calculate the greatest common factor of 23573 and r.
11
Let w be 11 + (2 - (-3 + 9)). Let v(z) = 26 + 5*z + w + 14 - 14. Let p be v(9). Calculate the greatest common factor of p and 6.
6
Let s(w) be the second derivative of 17*w**3/3 - 279*w**2/2 + 193*w. Let m be s(9). Calculate the highest common divisor of 459 and m.
27
Suppose -5*b + 84 = -b. Let o be 24/(-14)*-3*b/18. Let j(y) = y**3 + 4*y**2 + 3. Let k be j(-3). What is the greatest common factor of o and k?
6
Suppose -38*q = 31*q - 1863. Calculate the greatest common factor of 6 and q.
3
Let n be -5 + ((-1)/(-6))/(44/(-264)) + 46. Calculate the highest common divisor of n and 212.
4
Suppose -37*c + 39*c + 18 = 0. Let u be (-1106)/(-126) + (-2)/c. What is the highest common divisor of 279 and u?
9
Let y(o) = -2*o**3 - o**2 + 2*o**2 - 327 - 2*o**2 + o + 329. Let q(i) = -i - 2. Let t be q(0). Let x be y(t). Calculate the greatest common factor of x and 12.
12
Let f(y) = 37*y - 1031. Let j be f(68). What is the highest common divisor of 1287 and j?
99
Suppose -2*t - 10 = 3*t + 2*z, 2*z = 3*t - 10. Suppose 3*q + t*u + 5*u - 115 = 0, -5*q + 4*u + 167 = 0. What is the highest common factor of 21 and q?
7
Let c be (0 - (-36)/30)/((-2)/(-35)). Let g = 2 - -1. Suppose -4*h - 71 = -x, -g*h + 124 = 2*x - 2*h. What is the greatest common divisor of x and c?
21
Suppose 2*z - 137 = -145, -17840 = -2*t + z. What is the highest common divisor of t and 13?
13
Suppose -5*c + 0*c + 1670 = 2*k, 4*c - 1379 = 7*k. Calculate the greatest common factor of 216 and c.
24
Let d be (-5)/4*-40 + 4/4. Calculate the greatest common factor of d and 3128.
17
Let y = -432 + 447. Suppose -3*m + 4*o + y = 0, 2*m - 10 = -o - 2*o. Calculate the highest common factor of 10 and m.
5
Let f be 17 - (-13 - 3/2*(-4 - 0)). What is the highest common factor of 597 and f?
3
Suppose 0 = k - s - 657, 2*k - 40 = 4*s + 1268. Suppose 11*d = k + 44. What is the greatest common factor of 96 and d?
32
Let j(k) = k - 3. Let o be j(3). Let c be (-3)/(-2) - 27/(-18). Suppose -4*p + c*p + 15 = o. What is the greatest common divisor of 45 and p?
15
Suppose -2*j = 4*l - 48, l - 195 + 120 = -5*j. Let s be ((-7)/(-1))/((-4)/(-128)). What is the greatest common divisor of s and j?
14
Let b(o) = -27*o**2 + 211*o - 15. Let q(u) = 41*u**2 - 317*u + 23. Let n(w) = 8*b(w) + 5*q(w). Let i be n(9). What is the greatest common factor of i and 279?
31
Let p be (-975)/(-225) + 3/(9/2). Let k be 3/(141/(-72) - -2). Suppose r = -3*w + 45 + k, -25 = -w - 5*r. Calculate the highest common divisor of p and w.
5
Let u(n) = 256*n**3 - 3*n**2 + 2*n. Let g be u(1). Let h be -3 + g - (-6)/(5 - 3). Calculate the highest common factor of 30 and h.
15
Suppose u + 2 - 8 = 0. Let r be (-3)/(-6)*(-5)/(5/(-28)). Let l be (-7 - (-2 + 2))*(-108)/r. Calculate the highest common divisor of u and l.
6
Suppose -19*k - 48*k = 34*k - 415918. Calculate the highest common factor of k and 213.
71
Let t be ((-10)/(-6))/((-27)/891). Let k = t + 71. Calculate the highest common factor of k and 10.
2
Let l(w) = 79*w**3 - 5*w**2 + 44*w - 191. Let v be l(5). What is the greatest common divisor of v and 154?
77
Let o = 42 - 37. Let j be (-5)/(-25) - (-749)/o. Suppose 3*r - 46 + 1 = 0. What is the highest common factor of r and j?
15
Let b be (-274)/959 - 31252/(-14). What is the highest common factor of 62 and b?
62
Let h(g) = g + 1. Let z be h(-1). Suppose n - 15 - 19 = z. What is the greatest common factor of 238 and n?
34
Let i(g) be the second derivative of -13*g**3/6 + 3*g**2/2 - 2*g. Let f be i(-5). Let x be f/6 + (-11)/33. What is the greatest common divisor of 99 and x?
11
Let m(s) = s**2 - 3*s + 14. Let z(p) = 4*p - 12. Let j be z(2). Let d be (-2 - 3)/(j + 3). Let f be m(d). What is the greatest common divisor of 36 and f?
12
Let c be 2 + -5 - (-461 - 1/1). Suppose -45*b - c + 39339 = 0. What is the highest common divisor of 54 and b?
54
Let w(r) = -r**2 + 41*r - 172. Let j be w(29). What is the highest common divisor of 110 and j?
22
Suppose 0 = -3*k - 27, 0 = 22*w - 20*w - 2*k - 222. What is the highest common factor of 2346 and w?
102
Let z be (18369/(-156))/((-3)/190) + (-2)/(-4). Calculate the greatest common divisor of z and 132.
66
Let x = 2591 - 2318. What is the greatest common divisor of 663 and x?
39
Let x = -4 - -9. Suppose 0 = -237*y + 234*y - 21. Let b(d) = d**2 - 12*d - 132. Let u be b(y). What is the greatest common divisor of u and x?
1
Suppose y = 3*y - 16. Let p(i) = 3*i**3 - 4*i**2 + 3*i - 2. Let o be 1/(3/6